{"id":3056,"date":"2024-06-19T05:06:36","date_gmt":"2024-06-19T05:06:36","guid":{"rendered":"https:\/\/demo.awaikenthemes.com\/builtup\/?page_id=3056"},"modified":"2025-03-06T12:15:57","modified_gmt":"2025-03-06T09:15:57","slug":"services","status":"publish","type":"page","link":"https:\/\/kymuhas.com\/index.php\/services\/","title":{"rendered":"Faaliyet Alanlar\u0131"},"content":{"rendered":"\t\t<div data-elementor-type=\"wp-page\" data-elementor-id=\"3056\" class=\"elementor elementor-3056\">\n\t\t\t\t<div class=\"elementor-element elementor-element-5effcac e-con-full e-flex e-con e-parent\" data-id=\"5effcac\" data-element_type=\"container\" data-settings=\"{&quot;background_background&quot;:&quot;classic&quot;}\">\n\t\t<div class=\"elementor-element elementor-element-da4606e e-con-full e-flex e-con e-child\" data-id=\"da4606e\" data-element_type=\"container\" data-settings=\"{&quot;background_background&quot;:&quot;classic&quot;}\">\n\t\t<div class=\"elementor-element elementor-element-55476fa e-flex e-con-boxed e-con e-child\" data-id=\"55476fa\" data-element_type=\"container\">\n\t\t\t\t\t<div class=\"e-con-inner\">\n\t\t\t\t<div class=\"elementor-element elementor-element-a13e805 at-heading-animation at-animation-heading-style-3 elementor-widget elementor-widget-heading\" data-id=\"a13e805\" data-element_type=\"widget\" data-settings=\"{&quot;ekit_we_effect_on&quot;:&quot;none&quot;}\" data-widget_type=\"heading.default\">\n\t\t\t\t<div class=\"elementor-widget-container\">\n\t\t\t\t\t<h1 class=\"elementor-heading-title elementor-size-default\">Faaliyet Alanlar\u0131<\/h1>\t\t\t\t<\/div>\n\t\t\t\t<\/div>\n\t\t\t\t\t<\/div>\n\t\t\t\t<\/div>\n\t\t\t\t<\/div>\n\t\t\t\t<\/div>\n\t\t<div class=\"elementor-element elementor-element-878bc18 e-flex e-con-boxed e-con e-parent\" data-id=\"878bc18\" data-element_type=\"container\" data-settings=\"{&quot;background_background&quot;:&quot;classic&quot;}\">\n\t\t\t\t\t<div class=\"e-con-inner\">\n\t\t<div class=\"elementor-element elementor-element-cd38263 e-con-full e-flex e-con e-child\" data-id=\"cd38263\" data-element_type=\"container\">\n\t\t\t\t<div class=\"elementor-element elementor-element-cdb51d0 at-heading-animation at-animation-heading-none elementor-invisible elementor-widget elementor-widget-heading\" data-id=\"cdb51d0\" data-element_type=\"widget\" data-settings=\"{&quot;_animation&quot;:&quot;fadeInUp&quot;,&quot;ekit_we_effect_on&quot;:&quot;none&quot;}\" data-widget_type=\"heading.default\">\n\t\t\t\t<div class=\"elementor-widget-container\">\n\t\t\t\t\t<h3 class=\"elementor-heading-title elementor-size-default\">\u0130n\u015faat<\/h3>\t\t\t\t<\/div>\n\t\t\t\t<\/div>\n\t\t\t\t<div class=\"elementor-element elementor-element-ec43c5d at-heading-animation at-animation-heading-style-3 elementor-widget elementor-widget-heading\" data-id=\"ec43c5d\" data-element_type=\"widget\" data-settings=\"{&quot;ekit_we_effect_on&quot;:&quot;none&quot;}\" data-widget_type=\"heading.default\">\n\t\t\t\t<div class=\"elementor-widget-container\">\n\t\t\t\t\t<h2 class=\"elementor-heading-title elementor-size-default\">Sa\u011flam temeller, modern yap\u0131lar.<\/h2>\t\t\t\t<\/div>\n\t\t\t\t<\/div>\n\t\t\t\t<div class=\"elementor-element elementor-element-2883941 elementor-widget__width-initial elementor-invisible elementor-widget elementor-widget-text-editor\" data-id=\"2883941\" data-element_type=\"widget\" data-settings=\"{&quot;_animation&quot;:&quot;fadeInUp&quot;,&quot;_animation_delay&quot;:100,&quot;ekit_we_effect_on&quot;:&quot;none&quot;}\" data-widget_type=\"text-editor.default\">\n\t\t\t\t<div class=\"elementor-widget-container\">\n\t\t\t\t\t\t\t\t\t<p>Modern ve yenilik\u00e7i yakla\u015f\u0131mlar ile sa\u011flam, g\u00fcvenli ve estetik yap\u0131lar in\u015fa ediyoruz. Alan\u0131nda uzman ekibimizle projelerinizi y\u00fcksek kalite standartlar\u0131nda hayata ge\u00e7iriyoruz.<\/p>\t\t\t\t\t\t\t\t<\/div>\n\t\t\t\t<\/div>\n\t\t<div class=\"elementor-element elementor-element-260c96e e-con-full e-flex e-con e-child\" data-id=\"260c96e\" data-element_type=\"container\">\n\t\t\t\t<div class=\"elementor-element elementor-element-66f2960 elementor-widget elementor-widget-text-editor\" data-id=\"66f2960\" data-element_type=\"widget\" data-settings=\"{&quot;ekit_we_effect_on&quot;:&quot;none&quot;}\" data-widget_type=\"text-editor.default\">\n\t\t\t\t<div class=\"elementor-widget-container\">\n\t\t\t\t\t\t\t\t\t<p><strong>Hizmetlerimiz:<\/strong><\/p>\t\t\t\t\t\t\t\t<\/div>\n\t\t\t\t<\/div>\n\t\t\t\t<div class=\"elementor-element elementor-element-5c3ae4d elementor-widget elementor-widget-text-editor\" data-id=\"5c3ae4d\" data-element_type=\"widget\" data-settings=\"{&quot;ekit_we_effect_on&quot;:&quot;none&quot;}\" data-widget_type=\"text-editor.default\">\n\t\t\t\t<div class=\"elementor-widget-container\">\n\t\t\t\t\t\t\t\t\t<ul><li data-start=\"433\" data-end=\"514\"><strong data-start=\"435\" data-end=\"453\">Konut \u0130n\u015faat\u0131:<\/strong> G\u00fcvenli, konforlu ve estetik ya\u015fam alanlar\u0131 in\u015fa ediyoruz.<\/li><li data-start=\"515\" data-end=\"624\"><strong data-start=\"517\" data-end=\"551\">Ticari ve End\u00fcstriyel Yap\u0131lar:<\/strong> Ofis binalar\u0131, fabrikalar, AVM\u2019ler ve i\u015f merkezleri projelendiriyoruz.<\/li><li data-start=\"625\" data-end=\"715\"><strong data-start=\"627\" data-end=\"649\">Altyap\u0131 Projeleri:<\/strong> Yol, k\u00f6pr\u00fc, t\u00fcnel, su ve kanalizasyon sistemleri in\u015fa ediyoruz.<\/li><li data-start=\"716\" data-end=\"818\"><strong data-start=\"718\" data-end=\"738\">Kentsel D\u00f6n\u00fc\u015f\u00fcm:<\/strong> Mevcut yap\u0131lar\u0131n g\u00fcvenli hale getirilmesi ve modernize edilmesini sa\u011fl\u0131yoruz.<\/li><li data-start=\"819\" data-end=\"923\"><strong data-start=\"821\" data-end=\"852\">Restorasyon ve G\u00fc\u00e7lendirme:<\/strong> Tarihi yap\u0131lar\u0131 koruyarak, modern mimariyle uyumlu hale getiriyoruz.<\/li><\/ul>\t\t\t\t\t\t\t\t<\/div>\n\t\t\t\t<\/div>\n\t\t\t\t<\/div>\n\t\t\t\t<\/div>\n\t\t<div class=\"elementor-element elementor-element-33db0be e-con-full e-flex e-con e-child\" data-id=\"33db0be\" data-element_type=\"container\">\n\t\t<div class=\"elementor-element elementor-element-22d5c07 e-con-full e-flex elementor-invisible e-con e-child\" data-id=\"22d5c07\" data-element_type=\"container\" data-settings=\"{&quot;animation&quot;:&quot;fadeInUp&quot;}\">\n\t\t\t\t<div class=\"elementor-element elementor-element-f04615c service-item ekit-equal-height-disable elementor-widget elementor-widget-elementskit-image-box\" data-id=\"f04615c\" data-element_type=\"widget\" data-settings=\"{&quot;ekit_we_effect_on&quot;:&quot;none&quot;}\" data-widget_type=\"elementskit-image-box.default\">\n\t\t\t\t<div class=\"elementor-widget-container\">\n\t\t\t\t\t<div class=\"ekit-wid-con\" >\n            <div class=\"elementskit-info-image-box ekit-image-box text-left simple-card\" >\n\n                \n                <div class=\"elementskit-box-header image-box-img-left\">\n\n                    <img fetchpriority=\"high\" decoding=\"async\" width=\"1200\" height=\"800\" src=\"https:\/\/kymuhas.com\/wp-content\/uploads\/2024\/06\/project-gallery-2.jpg\" class=\"attachment-full size-full wp-image-2615\" alt=\"\" srcset=\"https:\/\/kymuhas.com\/wp-content\/uploads\/2024\/06\/project-gallery-2.jpg 1200w, https:\/\/kymuhas.com\/wp-content\/uploads\/2024\/06\/project-gallery-2-300x200.jpg 300w, https:\/\/kymuhas.com\/wp-content\/uploads\/2024\/06\/project-gallery-2-1024x683.jpg 1024w, https:\/\/kymuhas.com\/wp-content\/uploads\/2024\/06\/project-gallery-2-768x512.jpg 768w\" sizes=\"(max-width: 1200px) 100vw, 1200px\" \/>\n                <\/div>\n                \n                <div class=\"elementskit-box-body ekit-image-box-body\">\n                    <div class=\"elementskit-box-content ekit-image-box-body-inner\">\n                                                <h3 class=\"elementskit-info-box-title\">\n\n                        Konut \u0130n\u015faat\u0131\n                        \n                    <\/h3>\n                                                            <div class=\"elementskit-box-style-content\">\n                        G\u00fcvenli, konforlu ve estetik ya\u015fam alanlar\u0131 in\u015fa ediyoruz. Modern mimari ve y\u00fcksek kalite standartlar\u0131yla gelece\u011fin konutlar\u0131n\u0131 tasarl\u0131yoruz.                    <\/div>\n                                    <\/div>\n\n                            <\/div>\n            <\/div>\n    <\/div>\t\t\t\t<\/div>\n\t\t\t\t<\/div>\n\t\t\t\t<\/div>\n\t\t<div class=\"elementor-element elementor-element-1b8d0b9 e-con-full e-flex elementor-invisible e-con e-child\" data-id=\"1b8d0b9\" data-element_type=\"container\" data-settings=\"{&quot;animation&quot;:&quot;fadeInUp&quot;,&quot;animation_delay&quot;:100}\">\n\t\t\t\t<div class=\"elementor-element elementor-element-375687b service-item ekit-equal-height-disable elementor-widget elementor-widget-elementskit-image-box\" data-id=\"375687b\" data-element_type=\"widget\" data-settings=\"{&quot;ekit_we_effect_on&quot;:&quot;none&quot;}\" data-widget_type=\"elementskit-image-box.default\">\n\t\t\t\t<div class=\"elementor-widget-container\">\n\t\t\t\t\t<div class=\"ekit-wid-con\" >\n            <div class=\"elementskit-info-image-box ekit-image-box text-left simple-card\" >\n\n                <a href=\"https:\/\/demo.awaikenthemes.com\/builtup\/services\/architecture-design\/\">\n                <div class=\"elementskit-box-header image-box-img-left\">\n\n                    <img decoding=\"async\" width=\"1200\" height=\"800\" src=\"https:\/\/kymuhas.com\/wp-content\/uploads\/2024\/06\/service-img-2.jpg\" class=\"attachment-full size-full wp-image-2599\" alt=\"\" srcset=\"https:\/\/kymuhas.com\/wp-content\/uploads\/2024\/06\/service-img-2.jpg 1200w, https:\/\/kymuhas.com\/wp-content\/uploads\/2024\/06\/service-img-2-300x200.jpg 300w, https:\/\/kymuhas.com\/wp-content\/uploads\/2024\/06\/service-img-2-1024x683.jpg 1024w, https:\/\/kymuhas.com\/wp-content\/uploads\/2024\/06\/service-img-2-768x512.jpg 768w\" sizes=\"(max-width: 1200px) 100vw, 1200px\" \/>\n                <\/div>\n                <\/a>\n                <div class=\"elementskit-box-body ekit-image-box-body\">\n                    <div class=\"elementskit-box-content ekit-image-box-body-inner\">\n                                                <h3 class=\"elementskit-info-box-title\">\n\n                        Ticari ve End\u00fcstriyel Yap\u0131lar\n                        \n                    <\/h3>\n                                                            <div class=\"elementskit-box-style-content\">\n                        Dayan\u0131kl\u0131, fonksiyonel ve modern ticari yap\u0131lar in\u015fa ediyoruz. \u0130\u015f d\u00fcnyas\u0131 i\u00e7in yenilik\u00e7i \u00e7\u00f6z\u00fcmler sunuyoruz.                    <\/div>\n                                    <\/div>\n\n                            <\/div>\n            <\/div>\n    <\/div>\t\t\t\t<\/div>\n\t\t\t\t<\/div>\n\t\t\t\t<\/div>\n\t\t<div class=\"elementor-element elementor-element-bf5d432 e-con-full e-flex elementor-invisible e-con e-child\" data-id=\"bf5d432\" data-element_type=\"container\" data-settings=\"{&quot;animation&quot;:&quot;fadeInUp&quot;,&quot;animation_delay&quot;:200}\">\n\t\t\t\t<div class=\"elementor-element elementor-element-d72ef0b service-item ekit-equal-height-disable elementor-widget elementor-widget-elementskit-image-box\" data-id=\"d72ef0b\" data-element_type=\"widget\" data-settings=\"{&quot;ekit_we_effect_on&quot;:&quot;none&quot;}\" data-widget_type=\"elementskit-image-box.default\">\n\t\t\t\t<div class=\"elementor-widget-container\">\n\t\t\t\t\t<div class=\"ekit-wid-con\" >\n            <div class=\"elementskit-info-image-box ekit-image-box text-left simple-card\" >\n\n                <a href=\"https:\/\/demo.awaikenthemes.com\/builtup\/services\/building-renovation\/\">\n                <div class=\"elementskit-box-header image-box-img-left\">\n\n                    <img decoding=\"async\" width=\"1200\" height=\"800\" src=\"https:\/\/kymuhas.com\/wp-content\/uploads\/2024\/06\/service-img-3.jpg\" class=\"attachment-full size-full wp-image-2600\" alt=\"\" srcset=\"https:\/\/kymuhas.com\/wp-content\/uploads\/2024\/06\/service-img-3.jpg 1200w, https:\/\/kymuhas.com\/wp-content\/uploads\/2024\/06\/service-img-3-300x200.jpg 300w, https:\/\/kymuhas.com\/wp-content\/uploads\/2024\/06\/service-img-3-1024x683.jpg 1024w, https:\/\/kymuhas.com\/wp-content\/uploads\/2024\/06\/service-img-3-768x512.jpg 768w\" sizes=\"(max-width: 1200px) 100vw, 1200px\" \/>\n                <\/div>\n                <\/a>\n                <div class=\"elementskit-box-body ekit-image-box-body\">\n                    <div class=\"elementskit-box-content ekit-image-box-body-inner\">\n                                                <h3 class=\"elementskit-info-box-title\">\n\n                        Altyap\u0131 Projeleri\n                        \n                    <\/h3>\n                                                            <div class=\"elementskit-box-style-content\">\n                        G\u00fcvenli ve s\u00fcrd\u00fcr\u00fclebilir altyap\u0131 projeleriyle \u015fehirlerin gelece\u011fini in\u015fa ediyoruz.                    <\/div>\n                                    <\/div>\n\n                            <\/div>\n            <\/div>\n    <\/div>\t\t\t\t<\/div>\n\t\t\t\t<\/div>\n\t\t\t\t<\/div>\n\t\t\t\t<\/div>\n\t\t\t\t\t<\/div>\n\t\t\t\t<\/div>\n\t\t<div class=\"elementor-element elementor-element-9d01440 e-flex e-con-boxed e-con e-parent\" data-id=\"9d01440\" data-element_type=\"container\" data-settings=\"{&quot;background_background&quot;:&quot;classic&quot;}\">\n\t\t\t\t\t<div class=\"e-con-inner\">\n\t\t<div class=\"elementor-element elementor-element-72a9954 e-con-full e-flex e-con e-child\" data-id=\"72a9954\" data-element_type=\"container\">\n\t\t<div class=\"elementor-element elementor-element-9109b4f e-con-full e-flex e-con e-child\" data-id=\"9109b4f\" data-element_type=\"container\">\n\t\t\t\t<div class=\"elementor-element elementor-element-b6b016a at-heading-animation at-animation-heading-none elementor-invisible elementor-widget elementor-widget-heading\" data-id=\"b6b016a\" data-element_type=\"widget\" data-settings=\"{&quot;_animation&quot;:&quot;fadeInUp&quot;,&quot;ekit_we_effect_on&quot;:&quot;none&quot;}\" data-widget_type=\"heading.default\">\n\t\t\t\t<div class=\"elementor-widget-container\">\n\t\t\t\t\t<h3 class=\"elementor-heading-title elementor-size-default\">Taahh\u00fct<\/h3>\t\t\t\t<\/div>\n\t\t\t\t<\/div>\n\t\t\t\t<div class=\"elementor-element elementor-element-14b48e6 elementor-widget-tablet__width-inherit elementor-widget-mobile__width-inherit at-heading-animation at-animation-heading-style-3 elementor-widget elementor-widget-heading\" data-id=\"14b48e6\" data-element_type=\"widget\" data-settings=\"{&quot;ekit_we_effect_on&quot;:&quot;none&quot;}\" data-widget_type=\"heading.default\">\n\t\t\t\t<div class=\"elementor-widget-container\">\n\t\t\t\t\t<h2 class=\"elementor-heading-title elementor-size-default\">G\u00fcvenle taahh\u00fct, eksiksiz teslim!<\/h2>\t\t\t\t<\/div>\n\t\t\t\t<\/div>\n\t\t\t\t<div class=\"elementor-element elementor-element-597053f elementor-invisible elementor-widget elementor-widget-text-editor\" data-id=\"597053f\" data-element_type=\"widget\" data-settings=\"{&quot;_animation&quot;:&quot;fadeInUp&quot;,&quot;_animation_delay&quot;:100,&quot;ekit_we_effect_on&quot;:&quot;none&quot;}\" data-widget_type=\"text-editor.default\">\n\t\t\t\t<div class=\"elementor-widget-container\">\n\t\t\t\t\t\t\t\t\t<p>Proje y\u00f6netimi, m\u00fchendislik hizmetleri ve uygulama s\u00fcre\u00e7lerinde m\u00fc\u015fteri memnuniyetini \u00f6n planda tutarak taahh\u00fct i\u015flerimizi eksiksiz bir \u015fekilde tamaml\u0131yoruz.<\/p>\t\t\t\t\t\t\t\t<\/div>\n\t\t\t\t<\/div>\n\t\t\t\t<div class=\"elementor-element elementor-element-c8d9c35 elementor-widget elementor-widget-text-editor\" data-id=\"c8d9c35\" data-element_type=\"widget\" data-settings=\"{&quot;ekit_we_effect_on&quot;:&quot;none&quot;}\" data-widget_type=\"text-editor.default\">\n\t\t\t\t<div class=\"elementor-widget-container\">\n\t\t\t\t\t\t\t\t\t<p><strong>Hizmetlerimiz:<\/strong><\/p>\t\t\t\t\t\t\t\t<\/div>\n\t\t\t\t<\/div>\n\t\t\t\t<div class=\"elementor-element elementor-element-c76b269 elementor-widget elementor-widget-text-editor\" data-id=\"c76b269\" data-element_type=\"widget\" data-settings=\"{&quot;ekit_we_effect_on&quot;:&quot;none&quot;}\" data-widget_type=\"text-editor.default\">\n\t\t\t\t<div class=\"elementor-widget-container\">\n\t\t\t\t\t\t\t\t\t<ul data-start=\"1125\" data-end=\"1517\"><li data-start=\"1125\" data-end=\"1228\"><strong data-start=\"1127\" data-end=\"1155\">Anahtar Teslim Projeler:<\/strong> Projeyi tasar\u0131mdan teslim s\u00fcrecine kadar t\u00fcm a\u015famalar\u0131yla y\u00f6netiyoruz.<\/li><li data-start=\"1229\" data-end=\"1330\"><strong data-start=\"1231\" data-end=\"1267\">Kamu ve \u00d6zel Sekt\u00f6r Taahh\u00fctleri:<\/strong> Devlet ve \u00f6zel sekt\u00f6r projelerinde etkin \u00e7\u00f6z\u00fcmler sunuyoruz.<\/li><li data-start=\"1331\" data-end=\"1420\"><strong data-start=\"1333\" data-end=\"1352\">\u0130hale Y\u00f6netimi:<\/strong> Kamu ve \u00f6zel sekt\u00f6r projeleri i\u00e7in ihale s\u00fcre\u00e7lerini y\u00fcr\u00fct\u00fcyoruz.<\/li><li data-start=\"1421\" data-end=\"1517\"><strong data-start=\"1423\" data-end=\"1458\">Proje Dan\u0131\u015fmanl\u0131\u011f\u0131 ve Y\u00f6netimi:<\/strong> \u0130n\u015faat s\u00fcre\u00e7lerini planl\u0131yor, y\u00f6netiyor ve denetliyoruz.<\/li><\/ul>\t\t\t\t\t\t\t\t<\/div>\n\t\t\t\t<\/div>\n\t\t\t\t<\/div>\n\t\t\t\t<\/div>\n\t\t\t\t\t<\/div>\n\t\t\t\t<\/div>\n\t\t\t\t<\/div>\n\t\t","protected":false},"excerpt":{"rendered":"<p>Faaliyet Alanlar\u0131 \u0130n\u015faat Sa\u011flam temeller, modern yap\u0131lar. Modern ve yenilik\u00e7i yakla\u015f\u0131mlar ile [&hellip;]<\/p>\n","protected":false},"author":1,"featured_media":0,"parent":0,"menu_order":0,"comment_status":"closed","ping_status":"closed","template":"elementor_header_footer","meta":{"footnotes":""},"class_list":["post-3056","page","type-page","status-publish","hentry"],"_links":{"self":[{"href":"https:\/\/kymuhas.com\/index.php\/wp-json\/wp\/v2\/pages\/3056","targetHints":{"allow":["GET"]}}],"collection":[{"href":"https:\/\/kymuhas.com\/index.php\/wp-json\/wp\/v2\/pages"}],"about":[{"href":"https:\/\/kymuhas.com\/index.php\/wp-json\/wp\/v2\/types\/page"}],"author":[{"embeddable":true,"href":"https:\/\/kymuhas.com\/index.php\/wp-json\/wp\/v2\/users\/1"}],"replies":[{"embeddable":true,"href":"https:\/\/kymuhas.com\/index.php\/wp-json\/wp\/v2\/comments?post=3056"}],"version-history":[{"count":35,"href":"https:\/\/kymuhas.com\/index.php\/wp-json\/wp\/v2\/pages\/3056\/revisions"}],"predecessor-version":[{"id":7380,"href":"https:\/\/kymuhas.com\/index.php\/wp-json\/wp\/v2\/pages\/3056\/revisions\/7380"}],"wp:attachment":[{"href":"https:\/\/kymuhas.com\/index.php\/wp-json\/wp\/v2\/media?parent=3056"}],"curies":[{"name":"wp","href":"https:\/\/api.w.org\/{rel}","templated":true}]}}